t q = -623 + 613. Let i be 486*1/(-15)*q. Calculate the greatest common factor of i and 36.
36
Let q(u) = -u**3 - u**2 + 91*u + 110. Let a be q(-11). Calculate the greatest common factor of a and 783.
29
Let s(o) = 6*o**2 + 90*o + 6. Let w be s(-16). What is the highest common factor of w and 4930?
34
Let h = 261 - 257. Suppose -19*z + 15*z = h*t - 512, -z - 4*t = -116. Calculate the highest common factor of 99 and z.
33
Let v be ((-30)/(-60))/((-3)/(-252)). Let o = -88 - -124. Let t = -22 + o. What is the highest common factor of t and v?
14
Suppose -3*j = 5*h - 8, -26*h = -23*h + 5*j + 8. Suppose 0 = -h*a + 4*y + 3336, 0 = 4*a + 4*y + 413 - 3741. What is the greatest common divisor of 17 and a?
17
Let g = 31 - 44. Let c = 23 - g. Let r(v) = -v**3 - 13*v**2 + 60*v - 124. Let t be r(-17). What is the greatest common factor of t and c?
12
Let q be -218 + 20 + 2 + 2*-1. Let x = -78 - q. What is the highest common factor of 10 and x?
10
Suppose 5*m - 2*i + 0 - 72 = 0, 0 = -m - 4*i - 12. Suppose -z - 21 = z - 5*g, 0 = -2*z + 3*g - 31. Let a = 41 + z. What is the highest common factor of m and a?
6
Suppose 0*w + 7*w + 6580 = 0. Let a = -769 - w. Calculate the highest common divisor of 57 and a.
57
Let k = 1977 + -625. What is the greatest common divisor of 8 and k?
8
Let r = -1059 + 517. Let h = r + 597. Suppose -3*x - 6 = 0, -o - 2*x + 51 = 4*o. Calculate the greatest common factor of o and h.
11
Let k = 4449 + -4379. Calculate the highest common factor of k and 50.
10
Let o(j) = 5*j - 126. Let a be o(26). Suppose 5*x + 11 - 169 = -a*c, 4*c = 2*x - 80. What is the highest common factor of x and 221?
17
Let r be (-3742)/(-14) - (-72)/56*(-20)/90. What is the highest common divisor of 17088 and r?
267
Let y be (-7 + 112/21)*-3. Suppose 0 = -2*p - 5*w + 56 + 449, -y = -w. What is the greatest common factor of p and 5?
5
Let t be 54 - -1*(-8)/(-4). Let i = -887 + 895. What is the greatest common factor of t and i?
8
Let p be ((-120)/180)/(16/6) + (-34361)/(-4). Calculate the greatest common divisor of 30 and p.
10
Let p(f) = 3*f**3 - 12*f**2 + 5*f - 1. Let b be (4 + (-7)/3)*3. Let i be p(b). What is the greatest common divisor of 45 and i?
9
Let v = 26 - 61. Let o be 1/2 - v/10*91. Suppose 2*a + 5 - 63 = 0. What is the highest common factor of o and a?
29
Let u(o) = o**3 - 11*o - 7. Let r be u(-3). Let i(t) = 97*t**2 + 2*t + 3. Let n be i(r). What is the highest common divisor of n and 14?
14
Let v(y) = -y**2 - 17*y + 7. Let q be v(-17). Suppose q*f - 112 = -f. What is the highest common divisor of 6 and f?
2
Let x = -7837 - -9112. What is the greatest common factor of x and 1350?
75
Let l = 58 - 8. Let v = l + -53. Let u(d) = -2*d**3 - 3*d**2 + 5*d + 4. Let b be u(v). What is the greatest common factor of b and 4?
4
Suppose o + 4 - 11 = 0. Let t be 7/3*52/((-1092)/(-2709)). What is the highest common factor of o and t?
7
Let f = 2229 - 2183. What is the highest common divisor of f and 8?
2
Let g(q) = q**2 + 3*q - 1. Let w be g(-6). Let o = -797987 + 797989. What is the highest common divisor of w and o?
1
Let n = -23311 + 23788. Suppose -5*v + 48 - 3 = 0. What is the highest common divisor of v and n?
9
Let t be 28078/13 + (-578)/(-3757). What is the highest common divisor of t and 450?
90
Let d = 22401 - 21819. What is the highest common divisor of d and 9700?
194
Let y(u) = -2*u - 13. Let c(j) = -2*j - 28. Let k(i) = 4*c(i) - 9*y(i). Let x be k(4). Calculate the highest common factor of 35 and x.
5
Suppose -157 = -f - 3. Let t(s) = -58861*s + 353265. Let y be t(6). What is the highest common factor of f and y?
11
Let d(x) = -x - 4. Let j be d(-5). Let k = -69 + 69. Suppose 5*r - 5*y = 70, -4*r + 5*y = -k*y - 59. What is the highest common factor of r and j?
1
Suppose 3*f = 2*m - 58, -6*f + 8*f + 58 = 2*m. Let z be -9 + 12 - ((0 - m) + -3). Suppose -4*y + 35 = y. Calculate the greatest common divisor of z and y.
7
Let g(w) = 2*w + 6. Let o be g(-2). Suppose -2*n = 2*n + o*y + 180, -4*n = 5*y + 174. Let i = -34 - n. Calculate the greatest common factor of i and 96.
12
Suppose -56138 = -79*n + 21203. Calculate the highest common factor of 22 and n.
11
Let m(j) = j**2 - 474*j - 3318. Let q be m(-7). Calculate the greatest common factor of 504 and q.
7
Suppose 0 = -5*n + 331 - 51. Let h = 1245 + -1766. Let i = -513 - h. What is the greatest common divisor of n and i?
8
Let i = -6667 - -6843. Calculate the highest common factor of 144 and i.
16
Let n be (-476)/(-12) + ((-8)/(-3))/8. Suppose 2*x - 490 = -3*x. Suppose x = 3*w - 82. What is the greatest common factor of w and n?
20
Let n(y) = 3*y + 27. Let q(i) = i**2 - 16*i + 15. Let o be q(14). Let v be n(o). Let g be (-56)/12*v/14. Calculate the greatest common factor of g and 44.
4
Suppose -531*u = -498*u - 166353. What is the greatest common divisor of u and 71?
71
Suppose 11*w = -177 - 2969. Let j = w - -374. Calculate the highest common factor of 55 and j.
11
Suppose 0 = 4*y - 2*q - 700, -2*y - y - 4*q = -536. Let m be (-6)/24*(0 + -4). Let h = m + 15. Calculate the greatest common factor of y and h.
16
Suppose 0 = -5*c + 2*l - 1104, 1 = -5*l + 11. Let y = -214 - c. Let b be -1 + 2 - (-4 + 2). What is the greatest common divisor of b and y?
3
Let b(g) = 6*g**2 + 5*g - 224. Let f be b(13). Calculate the greatest common factor of f and 1235.
95
Suppose -15*x = -18*x - 2*i + 778, 4*x - 1034 = -2*i. What is the greatest common divisor of 640 and x?
128
Let g = -43451 + 58165. Calculate the highest common factor of 28 and g.
14
Let m be ((-10)/(-3))/(((-1)/(-12))/(-1)). Let g be (-8)/(-3)*(-30)/m. Suppose g + 3 = 5*f. What is the greatest common factor of f and 3?
1
Let x = -27 + 36. Let m = -940 + 1021. What is the highest common divisor of x and m?
9
Let j be ((-78)/5)/((-6)/100) + -4. Let t = j - 181. Calculate the greatest common divisor of 25 and t.
25
Let l = -7671 - -7741. Calculate the greatest common factor of l and 6.
2
Let x = 19855 - 19582. What is the greatest common divisor of 11557 and x?
91
Let v = -737 + 841. Calculate the greatest common factor of 16 and v.
8
Let v be (39/(-6))/(21/14 - 2). Let u be (-7)/(-14) + (-1298)/(-4). What is the greatest common divisor of u and v?
13
Let w(h) be the first derivative of h**3 - 17*h**2/2 + 5*h - 6. Let q be w(6). Suppose -14*f + 90 = -q*f. What is the greatest common factor of 6 and f?
6
Let l = 764 - 458. Let i = -282 + l. Calculate the highest common factor of i and 456.
24
Let x be (-40)/(680/(-66351)) + -18. Calculate the highest common factor of x and 420.
105
Let f be 2/3 - ((-376320)/(-72))/(-20). Calculate the greatest common divisor of f and 1179.
131
Let p(v) = 214*v**2 + 1094*v + 3282. Let x be p(-3). What is the highest common factor of 856 and x?
214
Suppose 5*h + 2*g - 1600 = -465, -3*h + 3*g + 702 = 0. Calculate the highest common divisor of 67097 and h.
229
Let v be (-5304)/(-7) + 1 - 11/(462/(-12)). Calculate the greatest common divisor of 276 and v.
69
Suppose 6*n - 133 = 3*n - 5*i, 4*i = -n + 56. Calculate the highest common factor of n and 852.
12
Suppose -4*q + 2 = -5*n, q + 3*n + 10 = -q. Let b be (26/(-39))/(q/2211). Calculate the greatest common divisor of 67 and b.
67
Let y(u) = 29*u - 600. Let c be y(35). Calculate the greatest common factor of 664 and c.
83
Suppose 15*w - 17*w - 410 = 2*y, 816 = -4*y - 2*w. Let b = y - -232. Let g be ((-2)/3)/(2/(-696)). What is the highest common divisor of b and g?
29
Let c(j) = -2*j - 9. Let k be c(-3). Let y be k/(((-10)/(-14))/(-5)). Let t = 95 + 136. What is the highest common factor of y and t?
21
Suppose y - 68 - 110 = -2*s, -s = 2*y - 371. Let g = y - 46. What is the highest common divisor of 71 and g?
71
Suppose 3*q - 55 = -5*y - 0*y, -q - y = -15. Let x be (q/4)/(535/530 + -1). Calculate the greatest common divisor of 53 and x.
53
Suppose -2*c + x = -19, 5*c + 2 = -11*x + 144. Calculate the highest common factor of 1807 and c.
13
Suppose 99 = -21*r + 24*r. Suppose -z - z + 4 = 0, -5*f = 4*z - r. Suppose f*k - 236 = 289. What is the greatest common divisor of 35 and k?
35
Suppose -2*k + 0*k = -56. Let v be 7*1 + (8 - (16 - 9)). Let w be 42/3*v/16. Calculate the greatest common divisor of k and w.
7
Suppose -115 + 10 = -7*l. Let f = l - 5. Let a = -67 - -69. What is the gre